ppose t + 3 = 3*y, 66*y - 70*y + 2*t = -6. Calculate the remainder when 37 is divided by (u - -18) + y + 3.
15
Let l be 18/(-4)*8/(-12). Suppose 0 = m - l*h - 47 + 1, -3*m + 5*h = -142. What is the remainder when 146 is divided by m?
48
Let f = -5306 + 5416. What is the remainder when 690 is divided by f?
30
Let b = 530 + -458. Calculate the remainder when 2009 is divided by b.
65
Calculate the remainder when 10020 is divided by (-2 - -4*2) + (-45 - 4)/(-7).
10
Let d(p) = p**2 + 6*p - 3. Let v be d(0). Suppose b + b = o - 13, -3 = b. Calculate the remainder when o is divided by (17 + v)*(-2)/(-4).
0
Let c = -2808 - -2855. Calculate the remainder when 2438 is divided by c.
41
Suppose -5*c + 2206 = -3*v - 0*c, 0 = 4*v + 2*c + 2976. Let p = 766 + v. What is the remainder when 112 is divided by p?
16
Let v be (0/5)/(0 - -3). Suppose 3*r - 62 = -t, 0*r + 5*r - 4*t - 92 = v. Calculate the remainder when 111 is divided by r.
11
Suppose -21*l = -71 - 34. Let s(r) = -13*r**3 + 1. Let b = 1 - 2. What is the remainder when s(b) is divided by l?
4
Let g(u) = 22*u**2 - 263*u + 10. What is the remainder when 1052 is divided by g(12)?
18
Suppose 3*v = 15, 2*k - 18*v + 23*v - 125 = 0. What is the remainder when 155 is divided by k?
5
Suppose 0 = -3*k + 2 - 14. What is the remainder when k/26 - (-1538)/26 is divided by 19?
2
Suppose -24048 = -304*c - 30*c. What is the remainder when 499 is divided by c?
67
Let r(a) = -164*a**3 - 18*a**2 - 16*a - 2. Let j be r(-3). Calculate the remainder when j/55 + (-68)/20 + 3 is divided by 32.
14
Let k(b) be the first derivative of -19*b**2/2 - 27*b - 17. Calculate the remainder when k(-16) is divided by 28.
25
Let u(h) = -11 - 6 - 1285*h + 1304*h. What is the remainder when u(5) is divided by 20?
18
Let l = -3 - -5. Let g = -5430 - -5493. Suppose -g = -5*f + l*f. Calculate the remainder when 125 is divided by f.
20
Let a = -1858 - -2029. What is the remainder when 608 is divided by a?
95
Suppose -3*h - 3*x - 447 = 0, 5*h - 2*h - 2*x + 427 = 0. Let c = 202 + h. What is the remainder when 339 is divided by c?
54
Suppose 362 = -q + 4*n, 4*q + 383 = 3*q - 3*n. Calculate the remainder when (q*4/(-32))/(6/24) is divided by 9.
7
Let y be (43 + 0*1/(-5))*3. Suppose -23*d + 20*d = -y. Calculate the remainder when d is divided by 26.
17
Suppose -13*j = 24*j - 74. What is the remainder when -5 - (-40 + j/(8/(-12))) is divided by 10?
8
Suppose -2*a = 0, b - 18 = 3*b - a - 32. Calculate the remainder when 130 is divided by b.
4
Let q(r) = 820*r + 768*r - 130 - 1623*r - r**2. Calculate the remainder when q(-25) is divided by 11.
10
Suppose 4*c = -5*z + 298, 16*c - 19*c + 4*z + 239 = 0. Calculate the remainder when 148 is divided by c.
71
Suppose -51 + 41 = -2*g. What is the remainder when (59 + 1 - g) + (2 - -2) is divided by 25?
9
Suppose -15*n = -68 - 217. Suppose -5*f + 50 = -5*v, 3*f - 46 = -v - 4*v. What is the remainder when n is divided by f/1 + 1*-2?
9
Let d = 779 + -804. Let p(t) = 2*t + 80. What is the remainder when 269 is divided by p(d)?
29
Let p(f) = 27 - 42 + 6*f + 12*f - 82 + f**2. Calculate the remainder when 67 is divided by p(-23).
13
Let z be (2/3)/((-18)/(-405)). Suppose 0*c = -3*r + 2*c + 25, 0 = -2*c + 8. What is the remainder when z/10 - (-43)/2 is divided by r?
1
Suppose -11*p = -12*p + 75. Let t = p + -7. Calculate the remainder when 130 is divided by t.
62
Let s(l) = -l**3 - 3*l**2 + 2*l - 1. Let j be s(-3). What is the remainder when 35 is divided by (20/j)/(8/(-56))?
15
Suppose 1073 = w - 264*k + 263*k, 0 = -2*w - 7*k + 2074. Calculate the remainder when w is divided by 39.
12
Suppose -28*c + 0*c - 84 = 0. Calculate the remainder when 342 is divided by (0 - c)/(4/(24 + -4)).
12
Suppose 0 = 497*o - 495*o - 8. Calculate the remainder when (o + -4 - 75)/((-3)/15) is divided by 94.
93
Let d be -1 - (224/(-7) + -3). Suppose -d*b + 246 + 60 = 0. Calculate the remainder when 359 is divided by b.
8
Suppose -4*h = 3*t - 6692, 0*t - 2*t + 8 = 0. What is the remainder when 7/14*h/5 is divided by 21?
20
Let d = 1256 - 326. Suppose 713*z - 711*z = d. What is the remainder when z is divided by 26?
23
Let l(o) = 842*o - 4561. What is the remainder when l(7) is divided by 330?
13
Let u(g) = -g**3 - 6*g**2 + 46*g - 69. What is the remainder when 501 is divided by u(-12)?
15
Suppose 66*i + 6240 = 50*i. Let o = i + 409. What is the remainder when 36 is divided by o?
17
Suppose -60 + 225 - 1236 = -21*f. Calculate the remainder when 10911 is divided by f.
48
Suppose -4*d = -342 + 102. Suppose 67*v - 266 = d*v. Calculate the remainder when 225 is divided by v.
35
Let a = 2731 - 1850. Calculate the remainder when a is divided by 8 - 147/14 - 66/(-4).
13
What is the remainder when 1447 is divided by (-8)/68 + (81790/(-17))/(-10)?
4
Let p(z) = z**3 + 12*z**2 + 30*z + 9. What is the remainder when 174 is divided by p(-7)?
42
Let f(y) = -y + 4. Let i be f(2). Suppose i*s - s = 3*c + 48, -2*c = -s + 44. What is the remainder when (695/278)/((-20)/(-1136)) is divided by s?
34
Suppose -2*g - 5*v - 15 = 59, -g - 11 = -4*v. Let k = g + 41. What is the remainder when k is divided by 8?
6
Let z(v) = 401*v + 1699. Let c(q) = 4*q**2 + 2*q. Let p be c(-2). Suppose -5*o + 132 = p. Calculate the remainder when z(-4) is divided by o.
23
Suppose -2*v + 41 = -3. Let p(t) = t**2 - 9*t + 10. Let o be p(7). Let u(c) = -24*c - 10. What is the remainder when u(o) is divided by v?
20
Let k = 76 - 56. Let v(p) = -3*p - 2. Let j be v(-3). Suppose -67 = -d - 3*l + j*l, 4*d - 3*l - 216 = 0. Calculate the remainder when d is divided by k.
11
Let b(n) = n + 3. Let h be b(-9). Let m be (-16)/3 - -4*1/h. Let r(q) = 2*q**2 - 6*q + 11. What is the remainder when r(m) is divided by 24?
23
Let b(d) = 8*d**3 + d**2 - d - 1. Let y be b(-1). Let q = 14 - y. Calculate the remainder when q is divided by (2 - 16/(-5)) + (-7)/35.
1
Suppose -439 = -11*n - 395. Let y(f) = 5*f**2 + 20*f - 95. What is the remainder when 318 is divided by y(n)?
58
Let o = -9 - -13. Suppose -3*w = -o*t + 7, 0 = -3*t + 2*w + 6 - 0. What is the remainder when 14 is divided by t?
2
Let w = -48078 - -48108. Let h(m) = m**3 - 2*m**2 - 3*m + 1. What is the remainder when w is divided by h(3)?
0
Suppose 8*m + 209 = 633. Let l = m - 51. Suppose l*x - 10 = x. Calculate the remainder when 45 is divided by x.
5
Let a(m) = m + 932. What is the remainder when a(93) is divided by 76?
37
Suppose -37*b + 105746 = 37*b. Calculate the remainder when b is divided by 9.
7
Suppose 228 = 3*n + n. Calculate the remainder when ((-1180)/60)/(((-42)/9)/14) is divided by n.
2
Calculate the remainder when 4*(786/12 + -5) - (-11 - -13) is divided by 107.
26
Suppose 152*p - 65*p - 66*p - 11592 = 0. What is the remainder when p is divided by 539?
13
Let t be -2 + 6 + (-2)/(-1). Suppose -q + 96 = -2*p + t*p, -5*q - 5*p = -435. Calculate the remainder when 24 is divided by q/20*10/3.
10
Suppose 3*n + 2*m - 48 = 0, -10*n + 5*m - 80 = -15*n. Calculate the remainder when 234 is divided by n.
10
Suppose -761 - 1019 = -10*q. Suppose -5*s + 111 + q = 3*b, 265 = 5*s - 5*b. What is the remainder when 110 is divided by s?
54
Let j be (-9)/(-24) + 0 + (-74)/(-16). Suppose 2*a - j*m - 137 = 206, -m + 161 = a. What is the remainder when a is divided by 33?
32
Let y(j) = 10*j**2 + 82*j - 1091. What is the remainder when y(13) is divided by 328?
25
Let q(k) = -4969*k - 154008. Let l = -8 - -19. What is the remainder when q(-31) is divided by l?
9
Suppose 0*x = -2*x + 110. Let h = 67 - x. Suppose -z + 45 = h. Calculate the remainder when 92 is divided by z.
26
Let r = 198 - 101. Let d(y) = -3*y + 170. What is the remainder when r is divided by d(40)?
47
Calculate the remainder when 3431 + -1 + (133/931)/((-1)/(-7)) is divided by 24.
23
Suppose -q - 4861 = -5*g - 662, 0 = 2*q - 12. Calculate the remainder when g is divided by 85.
76
Let m be -2*((-4)/10)/(28/1855). Let a = 41 - m. Let i(w) = w**2 + 11*w + 5. Calculate the remainder when 63 is divided by i(a).
12
Let v be 1 + 1/(2*2/4). Suppose 0 = -3*m + 6, v*m + m = -4*k - 34. Calculate the remainder when (-106)/(-10) + k/(-25) is divided by 7.
4
Calculate the remainder when 174 is divided by (23 - 5) + (70 - 10).
18
Let y = 44 - 44. Suppose 2*b - 16 = 2*n - y*n, 3*n + 4*b = 4. Calculate 